t are the prime factors of s?
11
Let a(c) be the second derivative of 1/20*c**5 - 2*c + 0*c**3 + 1/2*c**4 + 7/2*c**2 + 0. What are the prime factors of a(-6)?
7
Let x = -508 + 1021. List the prime factors of x.
3, 19
Let y(f) = 4*f**2 + f + 1. Let b(v) = -2*v - 21. Let i be b(-10). List the prime factors of y(i).
2
Suppose 3*t + 4*j + 460 = 2680, -5*j = 0. List the prime factors of t.
2, 5, 37
List the prime factors of (-142)/(-497) - 10790/(-14).
3, 257
Suppose -631 = -6*w + 1469. Suppose 7*c + w = 14*c. What are the prime factors of c?
2, 5
Let c be -4 + 6 + (1 + 2 - -3). Suppose -2*r - 366 = -c*r. List the prime factors of r.
61
Let p = -164 + 651. What are the prime factors of p?
487
Let h(n) = n**2 - 12*n - 16. Let f(d) = d**3 - 8*d**2 - 7*d - 4. Let y be f(9). Let s be h(y). Let j(p) = p**2 - 11*p - 1. What are the prime factors of j(s)?
11
Let n = 210 - 114. What are the prime factors of n?
2, 3
Let u(v) be the first derivative of -13*v**2/2 + 39*v - 1. List the prime factors of u(-8).
11, 13
Suppose 1251 = -5*w - 0*w - n, -5*w = -4*n + 1246. Let g = w + 425. What are the prime factors of g?
5, 7
Suppose 88*g + 167331 = 139*g. What are the prime factors of g?
17, 193
Let s be -8*((-20)/(-8) - 2). Let p be 27/(((-42)/s)/7). List the prime factors of (-16)/5*(-45)/p.
2
Let o(u) = 31*u + 2 - 6 - 1 - 10*u. What are the prime factors of o(2)?
37
Suppose 0 = 3*t - t - 24. Let y(n) = -n**2 + 12*n + 5. Let g be y(t). Suppose g*m = 4*c + 41 + 233, m - 3*c = 46. What are the prime factors of m?
2, 29
Let v(p) = 208*p + 22. What are the prime factors of v(3)?
2, 17, 19
Let j(d) be the first derivative of d**3/6 + 19*d**2/2 - 2*d + 9. Let l(a) be the first derivative of j(a). List the prime factors of l(-9).
2, 5
Let f be 7/(-3) + (-1)/(-3). Let i = 53 + -55. What are the prime factors of (f + -7)*i - 1?
17
Let n(r) = -r**3 - r**2 + 40. Let m be n(0). Suppose -w + 10 = 3*l, -w = -6*w + 3*l - m. List the prime factors of (w - -2) + 0 - -21.
2, 3
Let c(a) = -20*a**3 + 2*a**2 + 4*a - 4. What are the prime factors of c(-2)?
2, 3, 13
Suppose -110957 = 28*x - 105*x. List the prime factors of x.
11, 131
Suppose -4*r + 11 = 3, y - 4*r = -5. Suppose -g + p + 22 = 0, -y*g - 60 = -8*g - 5*p. List the prime factors of g.
17
Suppose 101 = -5*v + 6. Let j = -9 - v. Let l(u) = -u**2 + 13*u + 5. What are the prime factors of l(j)?
5, 7
Let h(j) = j**3 - 4*j**2 - j + 4. Let w be h(4). Suppose w = -2*q - i - 39, 51 = -2*q + 4*i - i. Let d = q + 44. List the prime factors of d.
23
Let a be (-1)/(-1) - (-1)/((-6)/(-294)). Let i = 8 - 5. Suppose -i*b = -b - a. What are the prime factors of b?
5
Let s(y) = -y**3 + 90*y + 13. List the prime factors of s(-14).
3, 499
Let y(s) = 5*s**2 - 4*s - 20. Let x(v) = v - 6. Let b be x(2). List the prime factors of y(b).
2, 19
Let s(n) = -13*n**3 + n**2 - n + 14. What are the prime factors of s(0)?
2, 7
Suppose 2*q + 8 = 2*x, -3*x + 4*q + q = -10. Suppose -4*p + 11 = -1, -x*p - 83 = -m. Let s = m - 61. What are the prime factors of s?
37
Let i = 1168 - 517. List the prime factors of i.
3, 7, 31
Suppose b = 2*b - 139. Let g(i) = i**3 - 9*i**2 - 32*i + 114. Let y be g(11). Suppose -3*t + 2*m + 3*m + b = 0, y*t - 137 = -3*m. List the prime factors of t.
2, 19
Let y be ((-104)/(-16))/(1/2). Let w = -11 + y. Suppose -6 = -2*u - w. What are the prime factors of u?
2
Let k(i) = -269*i - 737. What are the prime factors of k(-12)?
47, 53
Let d(z) = -5*z**2 - 2*z + 3. Let g be d(-3). Let h = -228 - -303. Let o = g + h. List the prime factors of o.
3, 13
Let i(v) = -2*v**3 + 51*v**2 - 51*v - 47. What are the prime factors of i(23)?
3, 5, 19
Let u(h) = h**3 - 4*h. Let t be u(2). Suppose 2*j - 6 = -t*j. Suppose -j*d = d - 176. What are the prime factors of d?
2, 11
Suppose 4 = -f + 7, v + f + 16 = 0. Let q = -11 - v. What are the prime factors of q?
2
Let g = -22 + 16. Let k(v) = v**2 + 6*v + 5. Let d be k(g). Suppose -4*f + d*x - 3*x = -34, 2*x + 22 = 2*f. What are the prime factors of f?
2, 3
Suppose 0 = -90*a + 86*a + 2932. List the prime factors of a.
733
Let x = -98 - -173. Let p = 163 - x. List the prime factors of p.
2, 11
Let x(z) = 23*z**2 + 5*z - 6. Let k be x(2). List the prime factors of 6*(0 - k/(-9)).
2
Let m(n) = 2*n**2 - 2*n - 1. Let z be m(-6). Let j = z + -158. List the prime factors of 36/(-3)*j/12.
3, 5
Let g be (9/(-2))/(24/64). Let m = g - -19. List the prime factors of (-7)/((-1)/m + 0).
7
Suppose -2*w + 5*t = -0*t + 13, -5*w = -5*t + 25. Let o be ((-26)/w)/(4/8). Let k = -8 + o. List the prime factors of k.
5
Suppose 21 = -2*z - 5. Let r = z + 16. List the prime factors of ((-39)/(-3))/(r - 2).
13
Let g = -63 - 4. Let w = 58 - g. List the prime factors of w.
5
Suppose 3*r = 4*q + 1001, 4*q = 4*r + 504 - 1840. List the prime factors of r.
5, 67
Suppose y + 4*y = 4*u - 5439, u - 1360 = y. What are the prime factors of u?
1361
List the prime factors of ((-72)/(-48))/(6/7132).
1783
Let p(w) = -7*w + 7. Let t(q) = q + 1. Let o(a) = p(a) + 5*t(a). What are the prime factors of o(0)?
2, 3
Suppose d = -0*d - f + 4, 12 = 2*d + f. Let s = d - -10. List the prime factors of (-1)/(-2) - (-387)/s.
2, 11
Suppose -o + 3*o + 2 = 0, -o - 786 = -5*a. What are the prime factors of a?
157
Suppose 0 = -2*g - 8, 0 = -2*o - 7*g + 3*g + 462. List the prime factors of o.
239
Suppose 3*g - 27*g + 12024 = 0. What are the prime factors of g?
3, 167
List the prime factors of (-96)/176 + 17238/22.
3, 29
Let s be (9/12)/(-1)*-4. Suppose -2*x - 2 = -m - s, 4 = x - 4*m. Suppose 5*k + 3*f = 82, x - 6 = -k + 2*f. What are the prime factors of k?
2, 7
Let r = -2 - 0. Let b be -1*(r + 1) + -27. Let k = 61 + b. List the prime factors of k.
5, 7
Suppose 6 = 5*x - 9. Suppose -x*k = -2*k + 412. What are the prime factors of 6/39 - k/26?
2
Let a(p) = -11*p**3 + p. Let i be a(-1). Suppose 9*w = i*w - 21. List the prime factors of w.
3, 7
Let b = -330 - -518. Suppose 36*v = 32*v + b. What are the prime factors of v?
47
Let k(h) = -6*h - 2. Let v(c) = -c**2 - 6*c - 1. Let q be v(-5). Suppose 5*a = -19 + q. List the prime factors of k(a).
2
List the prime factors of ((-435)/6 - -6)*144/(-14).
2, 3, 19
Let a(x) = -448*x + 117. List the prime factors of a(-2).
1013
List the prime factors of 28/105*(-1810)/4*-9.
2, 3, 181
Suppose -4*q - 25 = 15. What are the prime factors of q/(1 - (-5)/(-3))?
3, 5
Let n(z) = -38*z - 103. What are the prime factors of n(-10)?
277
Let h(x) = -x**2 - 3*x - 9. Let b be h(-13). Let z = 107 - b. What are the prime factors of z?
2, 3, 41
Suppose -5*o + 684 = -s, 732 - 188 = 4*o - 4*s. What are the prime factors of o?
137
Let l be 5 - (0 - 2/(-1)). Suppose 3*w - 5*w = 8, 0 = -l*o + 5*w - 91. List the prime factors of (6*-1)/3 - o.
5, 7
Let k = 78 + -77. List the prime factors of ((-1 + 0)*k - -24) + 2.
5
Suppose -22*d + 15660 = -26448. List the prime factors of d.
2, 3, 11, 29
List the prime factors of (-12)/126*-3231 + (-4)/(-14).
2, 7, 11
Let j = 85 + 257. Suppose -j = -37*p + 34*p. List the prime factors of p.
2, 3, 19
Let s be ((6 - 0) + -1)*6. Suppose 3*j - l = -s, 0 = -4*l - l. What are the prime factors of (30/(-9))/(j/75)?
5
Let j(c) be the second derivative of -c**5/20 + 5*c**4/6 + 11*c**3/6 + 11*c**2 + 27*c. List the prime factors of j(11).
2, 11
Let i = 19 - 12. Let m be (-2*(-1)/(-8))/((-4)/32). List the prime factors of 18*(i/m - 3).
3
List the prime factors of (5 - (-17)/(-3))/((-4)/5118).
853
Let s(q) = 29*q**2 - 11*q - 1. What are the prime factors of s(-11)?
19, 191
Let q(n) = n**3 + 13*n**2 + 21*n - 79. What are the prime factors of q(8)?
1433
Let q = 4549 + -2531. List the prime factors of q.
2, 1009
Suppose 11*x = 299 + 713. What are the prime factors of x?
2, 23
Let r = 7 - 5. Suppose 2 - 10 = r*d, a + 4*d = 42. What are the prime factors of a?
2, 29
Let j(i) = -13*i - 3. Let g be j(10). Let d = g - -206. List the prime factors of d.
73
Let u = 24 - 15. Let t(i) = 2*i**2 - i**3 + i - 9 + 0*i**2 + u*i**2. List the prime factors of t(11).
2
Let s = 5133 + -2071. List the prime factors of s.
2, 1531
Let s(r) = r**2 + 5*r + 2. Let z be s(-5). Let u be (120/100)/(4/70 + 0). Suppose l = w + u, 3*l + 0*l - z*w - 62 = 0. What are the prime factors of l?
2, 5
Suppose -4*u + 10 = u. Suppose 0*z + 27 = 4*z + 5*w, -3*w = -u*z - 3